{"id":306,"date":"2019-10-10T02:08:47","date_gmt":"2019-10-10T02:08:47","guid":{"rendered":"http:\/\/jsmassicotte.com\/wppro2\/?page_id=306"},"modified":"2019-10-15T20:40:52","modified_gmt":"2019-10-15T20:40:52","slug":"hawaii-la-magnifique","status":"publish","type":"page","link":"http:\/\/jsmassicotte.com\/wppro2\/hawaii-la-magnifique\/","title":{"rendered":"Hawaii, la magnifique"},"content":{"rendered":"\n<p style=\"font-size:22px\" class=\"has-drop-cap\">En janvier 2019, j&rsquo;ai eu la chance de d\u00e9couvrir la grande \u00eele d&rsquo;Hawaii, la magnifique.<\/p>\n\n\n\n<p>Ma copine r\u00eavait de retrouver les plages enchanteresses de l&rsquo;archipel situ\u00e9 au coeur du Pacifique. Je voulais de l&rsquo;action et r\u00eavais de rando en montagne. Big Island offre le meilleur des deux mondes, du niveau de la mer jusqu&rsquo;\u00e0 4205 m d&rsquo;altitude (<a rel=\"noreferrer noopener\" aria-label=\"qui a en subir les cons\u00e9quence... (s\u2019ouvre dans un nouvel onglet)\" href=\"https:\/\/www.espaces.ca\/articles\/activites\/camping-et-randonnee-01\/randonnee-pedestre\/6093-hawai-ces-petits-details-qui-menent-parfois-a-la-catastrophe\" target=\"_blank\">quitte \u00e0 en subir les cons\u00e9quences&#8230;<\/a>). <\/p>\n\n\n\n<p>Sous l&rsquo;eau comme sur terre, quel terrain de jeu extraordinaire.<\/p>\n\n\n\n<ul class=\"wp-block-gallery alignwide columns-3 is-cropped wp-block-gallery-1 is-layout-flex wp-block-gallery-is-layout-flex\"><li class=\"blocks-gallery-item\"><figure><img loading=\"lazy\" decoding=\"async\" width=\"1024\" height=\"683\" src=\"http:\/\/jsmassicotte.com\/wppro2\/wp-content\/uploads\/2019\/10\/DSC01245-1024x683.jpg\" alt=\"\" data-id=\"13\" data-link=\"http:\/\/jsmassicotte.com\/wppro2\/dsc01245\/\" class=\"wp-image-13\" srcset=\"http:\/\/jsmassicotte.com\/wppro2\/wp-content\/uploads\/2019\/10\/DSC01245-1024x683.jpg 1024w, http:\/\/jsmassicotte.com\/wppro2\/wp-content\/uploads\/2019\/10\/DSC01245-300x200.jpg 300w, http:\/\/jsmassicotte.com\/wppro2\/wp-content\/uploads\/2019\/10\/DSC01245-768x512.jpg 768w, http:\/\/jsmassicotte.com\/wppro2\/wp-content\/uploads\/2019\/10\/DSC01245-1600x1066.jpg 1600w\" sizes=\"(max-width: 1024px) 100vw, 1024px\" \/><figcaption>En direction du sommet du Mona Kea (4205 m)<\/figcaption><\/figure><\/li><li class=\"blocks-gallery-item\"><figure><img loading=\"lazy\" decoding=\"async\" width=\"1920\" height=\"1440\" src=\"http:\/\/jsmassicotte.com\/wppro2\/wp-content\/uploads\/2019\/10\/BRWZE7723.jpg\" alt=\"\" data-id=\"174\" data-link=\"http:\/\/jsmassicotte.com\/wppro2\/photo\/brwze7723\/\" class=\"wp-image-174\" srcset=\"http:\/\/jsmassicotte.com\/wppro2\/wp-content\/uploads\/2019\/10\/BRWZE7723.jpg 1920w, http:\/\/jsmassicotte.com\/wppro2\/wp-content\/uploads\/2019\/10\/BRWZE7723-300x225.jpg 300w, http:\/\/jsmassicotte.com\/wppro2\/wp-content\/uploads\/2019\/10\/BRWZE7723-768x576.jpg 768w\" sizes=\"(max-width: 1920px) 100vw, 1920px\" \/><figcaption>Exploration des fonds marins en apn\u00e9e.<\/figcaption><\/figure><\/li><li class=\"blocks-gallery-item\"><figure><img loading=\"lazy\" decoding=\"async\" width=\"2000\" height=\"1500\" src=\"http:\/\/jsmassicotte.com\/wppro2\/wp-content\/uploads\/2019\/10\/g0092033_med_hr.jpeg\" alt=\"\" data-id=\"134\" data-link=\"http:\/\/jsmassicotte.com\/wppro2\/bio\/accueil\/g0092033_med_hr\/\" class=\"wp-image-134\" srcset=\"http:\/\/jsmassicotte.com\/wppro2\/wp-content\/uploads\/2019\/10\/g0092033_med_hr.jpeg 2000w, http:\/\/jsmassicotte.com\/wppro2\/wp-content\/uploads\/2019\/10\/g0092033_med_hr-300x225.jpeg 300w, http:\/\/jsmassicotte.com\/wppro2\/wp-content\/uploads\/2019\/10\/g0092033_med_hr-768x576.jpeg 768w\" sizes=\"(max-width: 2000px) 100vw, 2000px\" \/><figcaption>Approche du lac Wai\u02bbau, \u00e0 plus de 3900 m d&rsquo;altitude. <\/figcaption><\/figure><\/li><li class=\"blocks-gallery-item\"><figure><img loading=\"lazy\" decoding=\"async\" width=\"2016\" height=\"1512\" src=\"http:\/\/jsmassicotte.com\/wppro2\/wp-content\/uploads\/2019\/10\/WEB_IMG_7713-1.jpg\" alt=\"\" data-id=\"334\" data-link=\"http:\/\/jsmassicotte.com\/wppro2\/hawaii-la-magnifique\/web_img_7713-1\/\" class=\"wp-image-334\" srcset=\"http:\/\/jsmassicotte.com\/wppro2\/wp-content\/uploads\/2019\/10\/WEB_IMG_7713-1.jpg 2016w, http:\/\/jsmassicotte.com\/wppro2\/wp-content\/uploads\/2019\/10\/WEB_IMG_7713-1-300x225.jpg 300w, http:\/\/jsmassicotte.com\/wppro2\/wp-content\/uploads\/2019\/10\/WEB_IMG_7713-1-768x576.jpg 768w\" sizes=\"(max-width: 2016px) 100vw, 2016px\" \/><figcaption>Fin du jour sur le Mauna Loa (4170 m), apr\u00e8s une (trop) longue journ\u00e9e en altitude.<\/figcaption><\/figure><\/li><li class=\"blocks-gallery-item\"><figure><img loading=\"lazy\" decoding=\"async\" width=\"1920\" height=\"1280\" src=\"http:\/\/jsmassicotte.com\/wppro2\/wp-content\/uploads\/2019\/10\/WEB_ORG_DSC01865-1.jpg\" alt=\"\" data-id=\"336\" data-link=\"http:\/\/jsmassicotte.com\/wppro2\/hawaii-la-magnifique\/web_org_dsc01865-1\/\" class=\"wp-image-336\" srcset=\"http:\/\/jsmassicotte.com\/wppro2\/wp-content\/uploads\/2019\/10\/WEB_ORG_DSC01865-1.jpg 1920w, http:\/\/jsmassicotte.com\/wppro2\/wp-content\/uploads\/2019\/10\/WEB_ORG_DSC01865-1-300x200.jpg 300w, http:\/\/jsmassicotte.com\/wppro2\/wp-content\/uploads\/2019\/10\/WEB_ORG_DSC01865-1-768x512.jpg 768w\" sizes=\"(max-width: 1920px) 100vw, 1920px\" \/><figcaption>Pose avec le Mauna Kea en arri\u00e8re-plan.<\/figcaption><\/figure><\/li><\/ul>\n\n\n\n<p>Le travail de Jean-S\u00e9bastien vous int\u00e9resse? Pour conna\u00eetre ses disponibilit\u00e9s afin de pouvoir b\u00e9n\u00e9ficier de sa vaste expertise pour documenter l&rsquo;aventure, <a rel=\"noreferrer noopener\" aria-label=\"n'h\u00e9sitez pas \u00e0 le contacter (s\u2019ouvre dans un nouvel onglet)\" href=\"mailto:web@jsmassicotte.com\" target=\"_blank\">n&rsquo;h\u00e9sitez pas \u00e0 le contacter<\/a>.<\/p>\n","protected":false},"excerpt":{"rendered":"<p>En janvier 2019, j&rsquo;ai eu la chance de d\u00e9couvrir la grande \u00eele d&rsquo;Hawaii, la magnifique. Ma copine r\u00eavait de retrouver les plages enchanteresses de l&rsquo;archipel situ\u00e9 au coeur du Pacifique.<\/p>\n<p class=\"more-link\"><a href=\"http:\/\/jsmassicotte.com\/wppro2\/hawaii-la-magnifique\/\" class=\"readmore\">Continue reading&#8230;<span class=\"screen-reader-text\">Hawaii, la magnifique<\/span><\/a><\/p>\n","protected":false},"author":1,"featured_media":0,"parent":0,"menu_order":0,"comment_status":"closed","ping_status":"closed","template":"","meta":{"footnotes":""},"_links":{"self":[{"href":"http:\/\/jsmassicotte.com\/wppro2\/wp-json\/wp\/v2\/pages\/306"}],"collection":[{"href":"http:\/\/jsmassicotte.com\/wppro2\/wp-json\/wp\/v2\/pages"}],"about":[{"href":"http:\/\/jsmassicotte.com\/wppro2\/wp-json\/wp\/v2\/types\/page"}],"author":[{"embeddable":true,"href":"http:\/\/jsmassicotte.com\/wppro2\/wp-json\/wp\/v2\/users\/1"}],"replies":[{"embeddable":true,"href":"http:\/\/jsmassicotte.com\/wppro2\/wp-json\/wp\/v2\/comments?post=306"}],"version-history":[{"count":18,"href":"http:\/\/jsmassicotte.com\/wppro2\/wp-json\/wp\/v2\/pages\/306\/revisions"}],"predecessor-version":[{"id":364,"href":"http:\/\/jsmassicotte.com\/wppro2\/wp-json\/wp\/v2\/pages\/306\/revisions\/364"}],"wp:attachment":[{"href":"http:\/\/jsmassicotte.com\/wppro2\/wp-json\/wp\/v2\/media?parent=306"}],"curies":[{"name":"wp","href":"https:\/\/api.w.org\/{rel}","templated":true}]}}