{"id":27,"date":"2019-10-06T04:45:44","date_gmt":"2019-10-06T04:45:44","guid":{"rendered":"http:\/\/jsmassicotte.com\/wppro2\/?page_id=27"},"modified":"2020-01-04T21:32:13","modified_gmt":"2020-01-04T21:32:13","slug":"video","status":"publish","type":"page","link":"http:\/\/jsmassicotte.com\/wppro2\/video\/","title":{"rendered":"Vid\u00e9ographie"},"content":{"rendered":"\n<figure class=\"wp-block-embed-vimeo wp-block-embed is-type-video is-provider-vimeo wp-embed-aspect-16-9 wp-has-aspect-ratio\"><div class=\"wp-block-embed__wrapper\">\n<iframe loading=\"lazy\" title=\"Groulx &amp;mdash; JSMassicotte\" src=\"https:\/\/player.vimeo.com\/video\/294820708?dnt=1&amp;app_id=122963\" width=\"920\" height=\"518\" frameborder=\"0\" allow=\"autoplay; fullscreen\" allowfullscreen><\/iframe>\n<\/div><\/figure>\n\n\n\n<figure class=\"wp-block-embed-vimeo wp-block-embed is-type-video is-provider-vimeo wp-embed-aspect-16-9 wp-has-aspect-ratio\"><div class=\"wp-block-embed__wrapper\">\n<iframe loading=\"lazy\" title=\"Via ferrata au Parc national du Fjord-du-Saguenay\" src=\"https:\/\/player.vimeo.com\/video\/168816025?dnt=1&amp;app_id=122963\" width=\"920\" height=\"518\" frameborder=\"0\" allow=\"autoplay; fullscreen\" allowfullscreen><\/iframe>\n<\/div><\/figure>\n\n\n\n<figure class=\"wp-block-embed-facebook wp-block-embed is-type-video is-provider-facebook\"><div class=\"wp-block-embed__wrapper\">\n<div id=\"fb-root\"><\/div><script async=\"1\" defer=\"1\" crossorigin=\"anonymous\" src=\"https:\/\/connect.facebook.net\/en_GB\/sdk.js#xfbml=1&amp;version=v5.0\"><\/script><div class=\"fb-video\" data-href=\"https:\/\/www.facebook.com\/BasePleinAirSainteFoy\/videos\/2316793941915924\/\" data-width=\"920\"><blockquote cite=\"https:\/\/www.facebook.com\/BasePleinAirSainteFoy\/videos\/2316793941915924\/\" class=\"fb-xfbml-parse-ignore\"><a href=\"https:\/\/www.facebook.com\/BasePleinAirSainteFoy\/videos\/2316793941915924\/\">Portraits de passionn\u00e9s !<\/a><p>Nous sommes tr\u00e8s fiers de vous pr\u00e9senter le premier \u00e9pisode de notre nouvelle s\u00e9rie Portraits de passionn\u00e9s !#BPASF #Passion #KayakMerci Formation Kayak Qu\u00e9bec? Jean-S\u00e9bastien Massicotte \/ Cr\u00e9ateur de contenu d&#039;aventure<\/p>Posted by <a href=\"https:\/\/www.facebook.com\/BasePleinAirSainteFoy\/\">Base plein air Sainte-Foy<\/a> on Tuesday, 17 September 2019<\/blockquote><\/div>\n<\/div><\/figure>\n\n\n\n<figure class=\"wp-block-embed-facebook wp-block-embed is-type-video is-provider-facebook\"><div class=\"wp-block-embed__wrapper\">\n<div id=\"fb-root\"><\/div><script async=\"1\" defer=\"1\" crossorigin=\"anonymous\" src=\"https:\/\/connect.facebook.net\/en_GB\/sdk.js#xfbml=1&amp;version=v5.0\"><\/script><div class=\"fb-video\" data-href=\"https:\/\/www.facebook.com\/BasePleinAirSainteFoy\/videos\/2475161929229539\/\" data-width=\"920\"><blockquote cite=\"https:\/\/www.facebook.com\/BasePleinAirSainteFoy\/videos\/2475161929229539\/\" class=\"fb-xfbml-parse-ignore\"><a href=\"https:\/\/www.facebook.com\/BasePleinAirSainteFoy\/videos\/2475161929229539\/\">Portraits de passionn\u00e9s !<\/a><p>En ce premier jour d&#039;octobre, nous vous pr\u00e9sentons le tant attendu deuxi\u00e8me \u00e9pisode de notre s\u00e9rie; Portraits de passionn\u00e9s ! #BPASF #Passion #Sup #PaddleboardMerci La Plage Qu\u00e9bec? Jean-S\u00e9bastien Massicotte \/ Cr\u00e9ateur de contenu d&#039;aventure<\/p>Posted by <a href=\"https:\/\/www.facebook.com\/BasePleinAirSainteFoy\/\">Base plein air Sainte-Foy<\/a> on Tuesday, 1 October 2019<\/blockquote><\/div>\n<\/div><figcaption><br><\/figcaption><\/figure>\n\n\n\n<figure class=\"wp-block-embed-facebook wp-block-embed is-type-video is-provider-facebook\"><div class=\"wp-block-embed__wrapper\">\n<div id=\"fb-root\"><\/div><script async=\"1\" defer=\"1\" crossorigin=\"anonymous\" src=\"https:\/\/connect.facebook.net\/en_GB\/sdk.js#xfbml=1&amp;version=v5.0\"><\/script><div class=\"fb-video\" data-href=\"https:\/\/www.facebook.com\/BasePleinAirSainteFoy\/videos\/845270295891160\/\" data-width=\"920\"><blockquote cite=\"https:\/\/www.facebook.com\/BasePleinAirSainteFoy\/videos\/845270295891160\/\" class=\"fb-xfbml-parse-ignore\"><a href=\"https:\/\/www.facebook.com\/BasePleinAirSainteFoy\/videos\/845270295891160\/\">Portraits de passionn\u00e9s !<\/a><p>\u00c0 l&#039;aube des f\u00eates, nous sommes heureux de vous pr\u00e9senter notre troisi\u00e8me \u00e9pisode de Portraits de passionn\u00e9s, empreint de magie et de saveur de No\u00ebl ??#BPASF #Passion #Traiteur #CosmosMerci Cosmos Traiteur ? Jean-S\u00e9bastien Massicotte \/ Cr\u00e9ateur de contenu d&#039;aventure<\/p>Posted by <a href=\"https:\/\/www.facebook.com\/BasePleinAirSainteFoy\/\">Base plein air Sainte-Foy<\/a> on Saturday, 21 December 2019<\/blockquote><\/div>\n<\/div><\/figure>\n\n\n\n<figure class=\"wp-block-embed-vimeo wp-block-embed is-type-video is-provider-vimeo wp-embed-aspect-16-9 wp-has-aspect-ratio\"><div class=\"wp-block-embed__wrapper\">\n<iframe loading=\"lazy\" title=\"Raquette dans le vent dans les Chic-Chocs\" src=\"https:\/\/player.vimeo.com\/video\/210327211?dnt=1&amp;app_id=122963\" width=\"920\" height=\"518\" frameborder=\"0\" allow=\"autoplay; fullscreen\" allowfullscreen><\/iframe>\n<\/div><\/figure>\n\n\n\n<figure class=\"wp-block-embed-vimeo wp-block-embed is-type-video is-provider-vimeo wp-embed-aspect-16-9 wp-has-aspect-ratio\"><div class=\"wp-block-embed__wrapper\">\n<iframe loading=\"lazy\" title=\"Fat bike au Massif de Charlevoix\" src=\"https:\/\/player.vimeo.com\/video\/204377293?dnt=1&amp;app_id=122963\" width=\"920\" height=\"518\" frameborder=\"0\" allow=\"autoplay; fullscreen\" allowfullscreen><\/iframe>\n<\/div><\/figure>\n","protected":false},"excerpt":{"rendered":"","protected":false},"author":1,"featured_media":0,"parent":0,"menu_order":0,"comment_status":"closed","ping_status":"closed","template":"templates\/no-sidebar.php","meta":{"footnotes":""},"_links":{"self":[{"href":"http:\/\/jsmassicotte.com\/wppro2\/wp-json\/wp\/v2\/pages\/27"}],"collection":[{"href":"http:\/\/jsmassicotte.com\/wppro2\/wp-json\/wp\/v2\/pages"}],"about":[{"href":"http:\/\/jsmassicotte.com\/wppro2\/wp-json\/wp\/v2\/types\/page"}],"author":[{"embeddable":true,"href":"http:\/\/jsmassicotte.com\/wppro2\/wp-json\/wp\/v2\/users\/1"}],"replies":[{"embeddable":true,"href":"http:\/\/jsmassicotte.com\/wppro2\/wp-json\/wp\/v2\/comments?post=27"}],"version-history":[{"count":10,"href":"http:\/\/jsmassicotte.com\/wppro2\/wp-json\/wp\/v2\/pages\/27\/revisions"}],"predecessor-version":[{"id":396,"href":"http:\/\/jsmassicotte.com\/wppro2\/wp-json\/wp\/v2\/pages\/27\/revisions\/396"}],"wp:attachment":[{"href":"http:\/\/jsmassicotte.com\/wppro2\/wp-json\/wp\/v2\/media?parent=27"}],"curies":[{"name":"wp","href":"https:\/\/api.w.org\/{rel}","templated":true}]}}

Vidéographie

<figure class="wp-block-embed-vimeo wp-block-embed is-type-video is-provider-vimeo wp-embed-aspect-16-9 wp-has-aspect-ratio"><div class="wp-block-embed__wrapper">
<iframe loading="lazy" title="Groulx &amp;mdash; JSMassicotte" src="https://player.vimeo.com/video/294820708?dnt=1&amp;app_id=122963" width="920" height="518" frameborder="0" allow="autoplay; fullscreen" allowfullscreen></iframe>
</div></figure>



<figure class="wp-block-embed-vimeo wp-block-embed is-type-video is-provider-vimeo wp-embed-aspect-16-9 wp-has-aspect-ratio"><div class="wp-block-embed__wrapper">
<iframe loading="lazy" title="Via ferrata au Parc national du Fjord-du-Saguenay" src="https://player.vimeo.com/video/168816025?dnt=1&amp;app_id=122963" width="920" height="518" frameborder="0" allow="autoplay; fullscreen" allowfullscreen></iframe>
</div></figure>



<figure class="wp-block-embed-facebook wp-block-embed is-type-video is-provider-facebook"><div class="wp-block-embed__wrapper">
<div id="fb-root"></div><script async="1" defer="1" crossorigin="anonymous" src="https://connect.facebook.net/en_GB/sdk.js#xfbml=1&amp;version=v5.0"></script><div class="fb-video" data-href="https://www.facebook.com/BasePleinAirSainteFoy/videos/2316793941915924/" data-width="920"><blockquote cite="https://www.facebook.com/BasePleinAirSainteFoy/videos/2316793941915924/" class="fb-xfbml-parse-ignore"><a href="https://www.facebook.com/BasePleinAirSainteFoy/videos/2316793941915924/">Portraits de passionnés !</a><p>Nous sommes très fiers de vous présenter le premier épisode de notre nouvelle série Portraits de passionnés !#BPASF #Passion #KayakMerci Formation Kayak Québec? Jean-Sébastien Massicotte / Créateur de contenu d&#039;aventure</p>Posted by <a href="https://www.facebook.com/BasePleinAirSainteFoy/">Base plein air Sainte-Foy</a> on Tuesday, 17 September 2019</blockquote></div>
</div></figure>



<figure class="wp-block-embed-facebook wp-block-embed is-type-video is-provider-facebook"><div class="wp-block-embed__wrapper">
<div id="fb-root"></div><script async="1" defer="1" crossorigin="anonymous" src="https://connect.facebook.net/en_GB/sdk.js#xfbml=1&amp;version=v5.0"></script><div class="fb-video" data-href="https://www.facebook.com/BasePleinAirSainteFoy/videos/2475161929229539/" data-width="920"><blockquote cite="https://www.facebook.com/BasePleinAirSainteFoy/videos/2475161929229539/" class="fb-xfbml-parse-ignore"><a href="https://www.facebook.com/BasePleinAirSainteFoy/videos/2475161929229539/">Portraits de passionnés !</a><p>En ce premier jour d&#039;octobre, nous vous présentons le tant attendu deuxième épisode de notre série; Portraits de passionnés ! #BPASF #Passion #Sup #PaddleboardMerci La Plage Québec? Jean-Sébastien Massicotte / Créateur de contenu d&#039;aventure</p>Posted by <a href="https://www.facebook.com/BasePleinAirSainteFoy/">Base plein air Sainte-Foy</a> on Tuesday, 1 October 2019</blockquote></div>
</div><figcaption><br></figcaption></figure>



<figure class="wp-block-embed-facebook wp-block-embed is-type-video is-provider-facebook"><div class="wp-block-embed__wrapper">
<div id="fb-root"></div><script async="1" defer="1" crossorigin="anonymous" src="https://connect.facebook.net/en_GB/sdk.js#xfbml=1&amp;version=v5.0"></script><div class="fb-video" data-href="https://www.facebook.com/BasePleinAirSainteFoy/videos/845270295891160/" data-width="920"><blockquote cite="https://www.facebook.com/BasePleinAirSainteFoy/videos/845270295891160/" class="fb-xfbml-parse-ignore"><a href="https://www.facebook.com/BasePleinAirSainteFoy/videos/845270295891160/">Portraits de passionnés !</a><p>À l&#039;aube des fêtes, nous sommes heureux de vous présenter notre troisième épisode de Portraits de passionnés, empreint de magie et de saveur de Noël ??#BPASF #Passion #Traiteur #CosmosMerci Cosmos Traiteur ? Jean-Sébastien Massicotte / Créateur de contenu d&#039;aventure</p>Posted by <a href="https://www.facebook.com/BasePleinAirSainteFoy/">Base plein air Sainte-Foy</a> on Saturday, 21 December 2019</blockquote></div>
</div></figure>



<figure class="wp-block-embed-vimeo wp-block-embed is-type-video is-provider-vimeo wp-embed-aspect-16-9 wp-has-aspect-ratio"><div class="wp-block-embed__wrapper">
<iframe loading="lazy" title="Raquette dans le vent dans les Chic-Chocs" src="https://player.vimeo.com/video/210327211?dnt=1&amp;app_id=122963" width="920" height="518" frameborder="0" allow="autoplay; fullscreen" allowfullscreen></iframe>
</div></figure>



<figure class="wp-block-embed-vimeo wp-block-embed is-type-video is-provider-vimeo wp-embed-aspect-16-9 wp-has-aspect-ratio"><div class="wp-block-embed__wrapper">
<iframe loading="lazy" title="Fat bike au Massif de Charlevoix" src="https://player.vimeo.com/video/204377293?dnt=1&amp;app_id=122963" width="920" height="518" frameborder="0" allow="autoplay; fullscreen" allowfullscreen></iframe>
</div></figure>
